d by (-27)/(0 + (-9)/6).
16
Suppose 260 - 200 = 6*v. What is the remainder when 177 is divided by v?
7
Let w(a) = 6*a**2 + 4*a + 4. What is the remainder when 296 is divided by w(-2)?
16
What is the remainder when (82 + 0)/((104/13)/56) is divided by 96?
94
Let f = -14 + 73. Calculate the remainder when f is divided by 16.
11
Suppose -9 + 13 = r. What is the remainder when (-4)/(r/(-32)*1) is divided by 11?
10
Suppose -26*t = -29*t + 543. Calculate the remainder when t is divided by 50.
31
Let f = 38 + -56. Let z = f - -49. What is the remainder when 1/((-2)/(-240)) - -3 is divided by z?
30
Suppose -7*i + 12*i = -5*p + 1715, -4*i + 680 = 2*p. What is the remainder when p is divided by 29?
27
Suppose -3*c + 319 + 56 = 0. Calculate the remainder when c is divided by 34.
23
Let z(f) = 12*f**2 - 21*f - 58. Calculate the remainder when z(-3) is divided by ((-1)/(-1) - 1) + 29.
26
Let f = -2058 + 3509. Calculate the remainder when f is divided by 22.
21
Let z(w) = 9*w + 10. Suppose 4*u = -f + 34, 3*f - 23 = f + u. Calculate the remainder when z(5) is divided by f.
13
Suppose 16 = -13*q + 12*q. Let f = 1 - q. What is the remainder when 29 is divided by f?
12
Let u(h) = 3*h + 24. Let q be (1 + -131)/(2/(-1)). Let l = q + -44. What is the remainder when l is divided by u(-6)?
3
Suppose -129*x + 264 = -118*x. What is the remainder when 45 is divided by x?
21
Let x = -17 + 37. Suppose 22*t - 28 = x*t. Calculate the remainder when 110 is divided by t.
12
Let s = -1 - -68. Suppose -4*q - 88 = 136. Let x = q - -73. Calculate the remainder when s is divided by x.
16
Suppose 4*t + 164 = 4*d, -3*t = -6*t - 3. Let v be (-45)/6*42/(-5). Suppose -2*o - o = -v. Calculate the remainder when d is divided by o.
19
Suppose -308 = -10*m - 4*m. What is the remainder when 53 is divided by m?
9
Suppose 3*m - m - 16 = 0. Suppose 4*v = m*v - 8. Suppose 10 = 2*j - y - y, 4*j - 5*y - 19 = 0. Calculate the remainder when j is divided by v.
0
Let y = -118 - -132. What is the remainder when 41 is divided by (-30)/(-10)*y/2?
20
Calculate the remainder when (-222)/10*(10 + -15) is divided by 21.
6
Let w(r) = 87*r - 1. Let k be w(-1). Let a = k + 165. What is the remainder when a is divided by 13?
12
Let n = 1834 + -982. Suppose 0 = 4*f + 3*z - n, -4*f + z + 0*z = -868. Calculate the remainder when f is divided by 31.
30
What is the remainder when 1/(-1) - 336/(-8) is divided by 23?
18
Suppose -4*v - 4*h + 76 = 0, -7*h = -4*v - 10*h + 81. Calculate the remainder when 478 is divided by v.
22
Suppose 3*z = -3*i + 309, -3*z = 9 - 3. Suppose 19 + 41 = 4*g. Calculate the remainder when g is divided by 14/i - 116/(-30).
3
Let s(l) = -l**3 - 38*l**2 + 122*l - 37. Calculate the remainder when 26 is divided by s(-41).
2
Let g = 69 + -36. Let s(l) = 11*l - 500. Calculate the remainder when g is divided by s(46).
3
Let n = 291 - 189. What is the remainder when n is divided by 23?
10
Let f = -50 - -93. Let n = 75 - f. Suppose 5*i - 46 = -m, 4*i + i - 49 = -4*m. Calculate the remainder when n is divided by i.
5
Let t(n) = n**2 + 3*n + 5. What is the remainder when (3*-1)/(324/168 - 2) is divided by t(-5)?
12
Let o(r) = -r**3 + 3*r**2 + 41*r - 15. Calculate the remainder when 123 is divided by o(-6).
60
Suppose -2*o + n + 23 = 0, 0 = -3*o + 4*n + 4 + 33. Suppose 3*z = -2*t + 9, -5*t - o = -9*t + z. What is the remainder when 38 is divided by t?
2
Let o(d) = -4*d + 177. Calculate the remainder when 210 is divided by o(30).
39
Let n(f) = -76*f - 55. What is the remainder when n(-4) is divided by 21?
18
Suppose 6*c + 2990 = 29*c. Calculate the remainder when c is divided by 17.
11
Let v = 2829 - 2815. Calculate the remainder when (-10)/(-25) + (-408)/(-5) is divided by v.
12
What is the remainder when 162 is divided by 49*(558/(-124))/(21/(-4))?
36
Suppose 301 = -5*u + 12*u. Let f = -27 + u. Calculate the remainder when 42 is divided by f.
10
Suppose -x + 36 = -5*x. Suppose 0 = 2*g - 61 - 17. What is the remainder when g is divided by 84/x*(-9)/6?
11
Let u = 157 - 92. Suppose -b = -u + 32. What is the remainder when b is divided by 9?
6
Suppose -g + 15 = 4*g. Suppose 0 = -3*b - 2*d - g*d + 115, -135 = -4*b - 3*d. Calculate the remainder when 117 is divided by b.
27
Calculate the remainder when 19*-2*(-9 + 7) is divided by 10.
6
Suppose 110 = 75*d - 12265. What is the remainder when d is divided by 33?
0
Let r = -261 + 287. Calculate the remainder when 72 is divided by r.
20
Suppose -7 = 29*i - 30*i. Calculate the remainder when i is divided by 5.
2
Let n(v) = -v**2 - 7*v - 8. Let g be n(-4). Suppose -w - g*w + 2*r = -62, 0 = -3*w - 3*r + 33. Calculate the remainder when 82 is divided by w.
10
Let o(h) = 2*h**2 + 10*h + 12. Let z be o(-8). Suppose 88 = n - z. Calculate the remainder when n is divided by 38.
34
Let x be (-10)/(-10)*(-1 - -1)/(-3). Suppose 11*b - 43 - 34 = x. What is the remainder when 32 is divided by b?
4
Let b = -257 + 298. Calculate the remainder when b is divided by 34.
7
Let g = -1 - -12. Let s be (-2)/3 + 5380/60. Suppose 2*j + 4*y - s = y, 213 = 5*j - 2*y. Calculate the remainder when j is divided by g.
10
Suppose 13*a - 15*a + 94 = 0. Suppose 11 - a = -4*t. Calculate the remainder when t is divided by 5.
4
Let l(h) = 2*h**2 + 33*h + 119. What is the remainder when 204 is divided by l(-4)?
14
Let x(r) = 9*r**2 - 18*r - 45. Calculate the remainder when x(5) is divided by 18.
0
Let r(h) = h + 7. Suppose 4 = 4*v + 24. Let i be r(v). Suppose 43 = 2*m + i*y - 113, 3*m = 2*y + 254. What is the remainder when m is divided by 21?
19
Let p = 29 + -27. Suppose o = 2*c + p*o - 162, -3*c - o = -243. Suppose -5*h + 105 = -0*h. What is the remainder when c is divided by h?
18
Suppose 11*a - 10 - 133 = 0. What is the remainder when 127 is divided by a?
10
Let v(s) = -2*s - 1. Let k be (-20)/8*2*-1. Suppose -5*n + k = -0*n. What is the remainder when v(-1) is divided by n?
0
Let f(v) = -104*v**3 - v**2 - 2*v - 1. Let u be f(-1). Suppose 0 = 3*a - u - 4. Calculate the remainder when 71 is divided by a.
35
Suppose 8*a - 260 = 7*a. Let m = -164 + a. Suppose -2*j + m = 2*j. Calculate the remainder when j is divided by 9.
6
Let u = -27 - -31. Suppose 2*q = 10, 4*d + 0*d + u*q - 548 = 0. Calculate the remainder when d is divided by 15.
12
Suppose 2*m - 45 = -m. Suppose 3*p = -0*s + 3*s + 1590, -4*p - 3*s = -2148. What is the remainder when p/12 + 2/(-4) is divided by m?
14
Let v be (-471)/(-2) + 8/16. Let t be v/(-10) - 4/10. What is the remainder when (252/t)/((-3)/16) is divided by 15?
11
Let t(z) = -z**2 + 44. Let a = -9 - -11. Suppose -2*d - 1 = -2*k - 3*d, -a*k = -5*d + 5. What is the remainder when t(k) is divided by 23?
21
Let g = -37 + 51. What is the remainder when 38 + (-7)/(g/4) is divided by 8?
4
Let m be 285/(-60) - (-2)/(-8). What is the remainder when (5 - m/(-1)) + 9 is divided by 9?
0
Suppose 0 = -4*v - 5*m + 447, -116 = -v - 0*v + 3*m. Let f = -89 + v. What is the remainder when 164 is divided by f?
20
Suppose 5*j = 3*j + 6. Let m = 18 + -15. Let p = 1 + m. Calculate the remainder when p is divided by j.
1
Suppose 10*v - 9*v - 8 = 0. Suppose -v*f - 116 = -6*f. Calculate the remainder when -1 + -1 - (-14 + f) is divided by 24.
22
Let p(a) = 71*a**3 + a**2 - 2*a + 2. Let l(t) = -t**3 + t - 1. Let k(h) = 3*l(h) + p(h). What is the remainder when k(1) is divided by 12?
9
Let w = 10 - 10. Let z be (4 - 3)*(w + 10). Calculate the remainder when 39 is divided by (-57)/(-6) + 5/z.
9
Let o be (-2)/(-5)*(-4 - -364). Suppose -5*f = f - o. Suppose 3*l + 0*l = -3*b + f, 12 = 3*l - 3*b. Calculate the remainder when 21 is divided by l.
3
Suppose r = 0, 0*s - 3*s - 3*r + 369 = 0. What is the remainder when s is divided by 41?
0
Let l(i) = -123*i. Let u be l(-1). Let q = u + 8. What is the remainder when q is divided by 19?
17
Let s = -1658 + 1711. Calculate the remainder when 92 is divided by s.
39
Let x(h) = -29*h**3 + h**2 + h - 1. Let j be x(1). Let s = -19 - j. Let c = 6 + s. What is the remainder when c is divided by 8?
7
Let p be (-2)/(-4)*14*1. Suppose 3*f = p*f + 12. Let o = f + 14. Calculate the remainder when 21 is divided by o.
10
Let n(k) = k**2 + 17*k - 17. Suppose 0 = 4*v + 5*q + 90, 3*v - q = 2*q - 54. Calculate the remainder when n(v) is divided by 5.
3
Let h(r) = 12*r + 9. L